{"id":39,"date":"2024-06-28T00:27:27","date_gmt":"2024-06-27T22:27:27","guid":{"rendered":"https:\/\/liliannawiech.com\/?page_id=39"},"modified":"2024-07-02T19:56:43","modified_gmt":"2024-07-02T17:56:43","slug":"rekomendacje","status":"publish","type":"page","link":"https:\/\/liliannawiech.com\/?page_id=39","title":{"rendered":"Rekomendacje"},"content":{"rendered":"\n<figure class=\"wp-block-image size-full is-resized\"><img fetchpriority=\"high\" decoding=\"async\" width=\"2481\" height=\"1600\" src=\"https:\/\/liliannawiech.com\/wp-content\/uploads\/2024\/07\/logotyp_jpg.jpg\" alt=\"\" class=\"wp-image-168\" style=\"width:541px;height:auto\"\/><\/figure>\n\n\n\n<figure class=\"wp-block-image size-large is-resized\"><img decoding=\"async\" width=\"1024\" height=\"207\" src=\"https:\/\/liliannawiech.com\/wp-content\/uploads\/2024\/07\/20240702_093356709_iOS-1024x207.png\" alt=\"\" class=\"wp-image-158\" style=\"width:579px;height:auto\" srcset=\"https:\/\/liliannawiech.com\/wp-content\/uploads\/2024\/07\/20240702_093356709_iOS-1024x207.png 1024w, https:\/\/liliannawiech.com\/wp-content\/uploads\/2024\/07\/20240702_093356709_iOS-300x61.png 300w, https:\/\/liliannawiech.com\/wp-content\/uploads\/2024\/07\/20240702_093356709_iOS-768x156.png 768w, https:\/\/liliannawiech.com\/wp-content\/uploads\/2024\/07\/20240702_093356709_iOS-1536x311.png 1536w, https:\/\/liliannawiech.com\/wp-content\/uploads\/2024\/07\/20240702_093356709_iOS-2048x415.png 2048w\" sizes=\"(max-width: 1024px) 100vw, 1024px\" \/><\/figure>\n\n\n\n<div class=\"wp-block-media-text alignfull has-media-on-the-right is-stacked-on-mobile is-vertically-aligned-center is-style-default\" style=\"grid-template-columns:auto 56%\"><div class=\"wp-block-media-text__content\">\n<h2 class=\"wp-block-heading has-text-color\" style=\"color:#000000\"><strong>Naturalna Canna<\/strong><\/h2>\n\n\n\n<figure class=\"wp-block-pullquote\"><blockquote><p>&#8222;<strong><em>Liliana to silna, skuteczna i niezawodna Pani Mecenas. Dzi\u0119ki niej czuj\u0119 si\u0119 be<\/em><\/strong>zpieczna&#8221;<br><br><br><\/p><\/blockquote><\/figure>\n<\/div><figure class=\"wp-block-media-text__media\"><img decoding=\"async\" width=\"1024\" height=\"839\" src=\"http:\/\/liliannawiech.com\/wp-content\/uploads\/2024\/07\/canna-1-1-1024x839.png\" alt=\"\" class=\"wp-image-161 size-full\" srcset=\"https:\/\/liliannawiech.com\/wp-content\/uploads\/2024\/07\/canna-1-1-1024x839.png 1024w, https:\/\/liliannawiech.com\/wp-content\/uploads\/2024\/07\/canna-1-1-300x246.png 300w, https:\/\/liliannawiech.com\/wp-content\/uploads\/2024\/07\/canna-1-1-768x629.png 768w, https:\/\/liliannawiech.com\/wp-content\/uploads\/2024\/07\/canna-1-1-1536x1258.png 1536w, https:\/\/liliannawiech.com\/wp-content\/uploads\/2024\/07\/canna-1-1.png 1719w\" sizes=\"(max-width: 1024px) 100vw, 1024px\" \/><\/figure><\/div>\n\n\n\n<p><\/p>\n\n\n\n<figure class=\"wp-block-image size-large is-resized\"><img loading=\"lazy\" decoding=\"async\" width=\"1024\" height=\"239\" src=\"http:\/\/liliannawiech.com\/wp-content\/uploads\/2024\/07\/logo-KM-1-2-e1719942260468-1024x239.png\" alt=\"\" class=\"wp-image-169\" style=\"width:596px;height:auto\" srcset=\"https:\/\/liliannawiech.com\/wp-content\/uploads\/2024\/07\/logo-KM-1-2-e1719942260468-1024x239.png 1024w, https:\/\/liliannawiech.com\/wp-content\/uploads\/2024\/07\/logo-KM-1-2-e1719942260468-300x70.png 300w, https:\/\/liliannawiech.com\/wp-content\/uploads\/2024\/07\/logo-KM-1-2-e1719942260468-768x179.png 768w, https:\/\/liliannawiech.com\/wp-content\/uploads\/2024\/07\/logo-KM-1-2-e1719942260468-1536x358.png 1536w, https:\/\/liliannawiech.com\/wp-content\/uploads\/2024\/07\/logo-KM-1-2-e1719942260468-2048x478.png 2048w\" sizes=\"(max-width: 1024px) 100vw, 1024px\" \/><\/figure>\n","protected":false},"excerpt":{"rendered":"<p>Naturalna Canna &#8222;Liliana to silna, skuteczna i niezawodna Pani Mecenas. Dzi\u0119ki niej czuj\u0119 si\u0119 bezpieczna&#8221;<\/p>\n","protected":false},"author":1,"featured_media":0,"parent":0,"menu_order":0,"comment_status":"closed","ping_status":"closed","template":"","meta":{"footnotes":""},"class_list":["post-39","page","type-page","status-publish","hentry"],"_links":{"self":[{"href":"https:\/\/liliannawiech.com\/index.php?rest_route=\/wp\/v2\/pages\/39","targetHints":{"allow":["GET"]}}],"collection":[{"href":"https:\/\/liliannawiech.com\/index.php?rest_route=\/wp\/v2\/pages"}],"about":[{"href":"https:\/\/liliannawiech.com\/index.php?rest_route=\/wp\/v2\/types\/page"}],"author":[{"embeddable":true,"href":"https:\/\/liliannawiech.com\/index.php?rest_route=\/wp\/v2\/users\/1"}],"replies":[{"embeddable":true,"href":"https:\/\/liliannawiech.com\/index.php?rest_route=%2Fwp%2Fv2%2Fcomments&post=39"}],"version-history":[{"count":7,"href":"https:\/\/liliannawiech.com\/index.php?rest_route=\/wp\/v2\/pages\/39\/revisions"}],"predecessor-version":[{"id":172,"href":"https:\/\/liliannawiech.com\/index.php?rest_route=\/wp\/v2\/pages\/39\/revisions\/172"}],"wp:attachment":[{"href":"https:\/\/liliannawiech.com\/index.php?rest_route=%2Fwp%2Fv2%2Fmedia&parent=39"}],"curies":[{"name":"wp","href":"https:\/\/api.w.org\/{rel}","templated":true}]}}