{"id":38,"date":"2024-06-28T00:27:27","date_gmt":"2024-06-27T22:27:27","guid":{"rendered":"https:\/\/liliannawiech.com\/?page_id=38"},"modified":"2024-07-01T09:47:29","modified_gmt":"2024-07-01T07:47:29","slug":"czym-sie-zajmujemy","status":"publish","type":"page","link":"https:\/\/liliannawiech.com\/?page_id=38","title":{"rendered":"O mnie"},"content":{"rendered":"\n<hr class=\"wp-block-separator has-alpha-channel-opacity\"\/>\n\n\n\n<p>Jako adwokatka, rozumiem, \u017ce ka\u017cdy przypadek jest unikalny i wymaga indywidualnego podej\u015bcia. Moje do\u015bwiadczenie w pracy z klientami oraz moja specjalistyczna wiedza tak prawnicza, jak i ta dotycz\u0105ca konopi&nbsp; pozwalaj\u0105 mi na holistyczne spojrzenie na ka\u017cd\u0105 spraw\u0119. Zawsze staram si\u0119 zrozumie\u0107 nie tylko aspekty prawne, ale tak\u017ce osobiste lub\/i biznesowe konteksty, kt\u00f3re wp\u0142ywaj\u0105 na sytuacj\u0119 moich klient\u00f3w.&nbsp;<\/p>\n\n\n\n<p>Co mnie wyr\u00f3\u017cnia jako prawnika:&nbsp;<\/p>\n\n\n\n<ul class=\"wp-block-list\">\n<li><strong>Empatia i zrozumienie<\/strong>: S\u0142ucham i empatyzuj\u0119 z moimi klientami, aby w pe\u0142ni zrozumie\u0107 ich potrzeby i oczekiwania.&nbsp;<\/li>\n<\/ul>\n\n\n\n<ul class=\"wp-block-list\">\n<li><strong>Strategiczne my\u015blenie<\/strong>: Analizuj\u0119 ka\u017cdy problem z r\u00f3\u017cnych perspektyw, aby znale\u017a\u0107 najlepsze rozwi\u0105zanie dostosowane do konkretnej sytuacji.&nbsp;<\/li>\n<\/ul>\n\n\n\n<ul class=\"wp-block-list\">\n<li><strong>Otwarto\u015b\u0107<\/strong>: Utrzymuj\u0119 otwart\u0105 i jasn\u0105 komunikacj\u0119, aby moi klienci byli na bie\u017c\u0105co z post\u0119pami w ich sprawach\/ a nadto byli w pe\u0142ni \u015bwiadomi swojej sytuacji pracowej oraz strategii obrony.&nbsp;<\/li>\n<\/ul>\n\n\n\n<ul class=\"wp-block-list\">\n<li><strong>Mi\u0119dzynarodowe do\u015bwiadczenie<\/strong>: Dwukrotne uczestnictwo w programie Erasmus nie tylko poszerzy\u0142o moje horyzonty akademickie, ale tak\u017ce pozwoli\u0142o mi na praktyczne zrozumienie r\u00f3\u017cnorodno\u015bci prawnej w r\u00f3\u017cnych kulturach.&nbsp;<\/li>\n<\/ul>\n\n\n\n<p>\u2026.. a dalej co mnie wyr\u00f3\u017cnia <strong>i uskutecznia moj\u0105 prac\u0119 <\/strong>jako adwokata w sprawach karnych, zwi\u0105zanych z konopiami,:&nbsp;<\/p>\n\n\n\n<ul class=\"wp-block-list\">\n<li><strong>Specjalizacja w niszowej dziedzinie<\/strong>: Moje podyplomowe wykszta\u0142cenie w zakresie uprawy, przetw\u00f3rstwa i wykorzystania konopi stawia mnie na czele prawnik\u00f3w specjalizuj\u0105cych si\u0119 w tej dynamicznie rozwijaj\u0105cej si\u0119 dziedzinie\/ obszarze prawa karnego, co ma prze\u0142o\u017cenie&nbsp;&nbsp;<\/li>\n<\/ul>\n\n\n\n<ul class=\"wp-block-list\">\n<li><strong>Wsp\u00f3\u0142praca z ekspertami<\/strong>: Regularna wsp\u00f3\u0142praca z innymi specjalistami pozwala mi na wymian\u0119 wiedzy i do\u015bwiadcze\u0144, co nie tylko wzbogaca moj\u0105 praktyk\u0119, ale tak\u017ce przyczynia si\u0119 do rozwoju ca\u0142ej bran\u017cy a nadto uskutecznia obran\u0119 w sprawach karnych.&nbsp;<\/li>\n<\/ul>\n\n\n\n<ul class=\"wp-block-list\">\n<li><strong>Pasja do konopi<\/strong>: Zdobyte wykszta\u0142cenie podyplowe, udzia\u0142 w organizacji \u201emarszu Wyzwolenia Konopi\u201d wsp\u00f3\u0142praca z organizacjami NGO oraz prelekcje&nbsp; na targach Kanaba Fest oraz Weedfest, stanowi\u0105 o ci\u0105g\u0142ym rozwoju zawodowym oraz dzieleniu si\u0119 z innymi zdobyt\u0105 wiedz\u0105 i do\u015bwiadczeniem nie tylko dziel\u0119 si\u0119 wiedz\u0105, ale tak\u017ce ucz\u0119 si\u0119 od innych, co pozwala mi na ci\u0105g\u0142y rozw\u00f3j zawodowy.&nbsp;<\/li>\n<\/ul>\n\n\n\n<ul class=\"wp-block-list\">\n<li><strong>Zaanga\u017cowanie w rozw\u00f3j prawa \/ \u015bwiadomo\u015bci na temat konopi \/ racjonalnej polityki arkotykowej<\/strong>: Moje zaanga\u017cowanie w prawo karne zwi\u0105zane z ro\u015blinami pokazuje moj\u0105 gotowo\u015b\u0107 do podejmowania wyzwa\u0144 i przyczyniania si\u0119 do kszta\u0142towania przysz\u0142o\u015bci prawnej tej bran\u017cy \/ sytuacji karnoprawnej u\u017cytkownik\u00f3w konopi.&nbsp;<\/li>\n<\/ul>\n\n\n\n<hr class=\"wp-block-separator has-alpha-channel-opacity\"\/>\n\n\n\n<p>Moja edukacyjna podr\u00f3\u017c do bycia adwokatem rozpocz\u0119\u0142a si\u0119 od studi\u00f3w prawniczych na Uniwersytecie Rzeszowskim, gdzie nie tylko zdoby\u0142am solidne podstawy prawniczej wiedzy, ale mia\u0142am r\u00f3wnie\u017c okazj\u0119 dwukrotnie uczestniczy\u0107 w programie Erasmus. Studiuj\u0105c przez dwa semestry na&nbsp; Pavol J\u00f3zef Safarik w Koszycach oraz odbywaj\u0105c 6 miesi\u0119czn\u0105 praktyk\u0119 w Brytyjskiej kancelarii Claim Time Solicitors&nbsp; co znacz\u0105co poszerzy\u0142o moje horyzonty zawodowe.&nbsp;<\/p>\n\n\n\n<p>W latach 2018 \u2013 2020 odbywa\u0142am 3 letni\u0105 aplikacje adwokack\u0105 przy Okr\u0119gowej Radzie Adwokackiej w Rzeszowie, podczas kt\u00f3rej do\u015bwiadczenie zawodowe zdobywa\u0142am w renomowanej kancelarii \u201eMarkowicz i Wilusz adwokaci i radcowie prawni sp. p.\u201d \u2013 z\/s w Sanoku.&nbsp;&nbsp;<\/p>\n\n\n\n<p>Po uko\u0144czeniu studi\u00f3w, oraz aplikacji adwokackiej moja pasja do ro\u015blin, w szczeg\u00f3lno\u015bci do konopi, skierowa\u0142a mnie na studia podyplomowe na kierunku&nbsp; \u201cUprawa, przetw\u00f3rstwo i wykorzystanie konopi\u201d, kt\u00f3re uko\u0144czy\u0142am z wynikiem bardzo dobrym. Ta specjalizacja pozwoli\u0142a mi zg\u0142\u0119bi\u0107 wiedz\u0119 o tej unikalnej i wszechstronnej ro\u015blinie, a tak\u017ce o jej z\u0142o\u017conych aspektach prawnych.&nbsp;<\/p>\n\n\n\n<p>Jako prelegentka, mia\u0142am przyjemno\u015b\u0107 dzieli\u0107 si\u0119 zdobyt\u0105 wiedz\u0105 i do\u015bwiadczeniem na tak presti\u017cowych wydarzeniach jak Kanaba Fest oraz Weedfest, gdzie ponadto mog\u0142am spotka\u0107 si\u0119 i wymienia\u0107 pogl\u0105dy z ekspertami r\u00f3\u017cnych specjalizacji maj\u0105cych zastosowanie do konopi.&nbsp;<\/p>\n","protected":false},"excerpt":{"rendered":"<p>Jako adwokatka, rozumiem, \u017ce ka\u017cdy przypadek jest unikalny i wymaga indywidualnego podej\u015bcia. Moje do\u015bwiadczenie w pracy z klientami oraz moja specjalistyczna wiedza tak prawnicza, jak i ta dotycz\u0105ca konopi&nbsp; pozwalaj\u0105 mi na holistyczne spojrzenie na ka\u017cd\u0105 spraw\u0119. Zawsze staram si\u0119 zrozumie\u0107 nie tylko aspekty prawne, ale tak\u017ce osobiste lub\/i biznesowe konteksty, kt\u00f3re wp\u0142ywaj\u0105 na sytuacj\u0119 [&hellip;]<\/p>\n","protected":false},"author":1,"featured_media":0,"parent":0,"menu_order":0,"comment_status":"closed","ping_status":"closed","template":"","meta":{"footnotes":""},"class_list":["post-38","page","type-page","status-publish","hentry"],"_links":{"self":[{"href":"https:\/\/liliannawiech.com\/index.php?rest_route=\/wp\/v2\/pages\/38","targetHints":{"allow":["GET"]}}],"collection":[{"href":"https:\/\/liliannawiech.com\/index.php?rest_route=\/wp\/v2\/pages"}],"about":[{"href":"https:\/\/liliannawiech.com\/index.php?rest_route=\/wp\/v2\/types\/page"}],"author":[{"embeddable":true,"href":"https:\/\/liliannawiech.com\/index.php?rest_route=\/wp\/v2\/users\/1"}],"replies":[{"embeddable":true,"href":"https:\/\/liliannawiech.com\/index.php?rest_route=%2Fwp%2Fv2%2Fcomments&post=38"}],"version-history":[{"count":4,"href":"https:\/\/liliannawiech.com\/index.php?rest_route=\/wp\/v2\/pages\/38\/revisions"}],"predecessor-version":[{"id":155,"href":"https:\/\/liliannawiech.com\/index.php?rest_route=\/wp\/v2\/pages\/38\/revisions\/155"}],"wp:attachment":[{"href":"https:\/\/liliannawiech.com\/index.php?rest_route=%2Fwp%2Fv2%2Fmedia&parent=38"}],"curies":[{"name":"wp","href":"https:\/\/api.w.org\/{rel}","templated":true}]}}

<hr class="wp-block-separator has-alpha-channel-opacity"/>



<p>Jako adwokatka, rozumiem, że każdy przypadek jest unikalny i wymaga indywidualnego podejścia. Moje doświadczenie w pracy z klientami oraz moja specjalistyczna wiedza tak prawnicza, jak i ta dotycząca konopi&nbsp; pozwalają mi na holistyczne spojrzenie na każdą sprawę. Zawsze staram się zrozumieć nie tylko aspekty prawne, ale także osobiste lub/i biznesowe konteksty, które wpływają na sytuację moich klientów.&nbsp;</p>



<p>Co mnie wyróżnia jako prawnika:&nbsp;</p>



<ul class="wp-block-list">
<li><strong>Empatia i zrozumienie</strong>: Słucham i empatyzuję z moimi klientami, aby w pełni zrozumieć ich potrzeby i oczekiwania.&nbsp;</li>
</ul>



<ul class="wp-block-list">
<li><strong>Strategiczne myślenie</strong>: Analizuję każdy problem z różnych perspektyw, aby znaleźć najlepsze rozwiązanie dostosowane do konkretnej sytuacji.&nbsp;</li>
</ul>



<ul class="wp-block-list">
<li><strong>Otwartość</strong>: Utrzymuję otwartą i jasną komunikację, aby moi klienci byli na bieżąco z postępami w ich sprawach/ a nadto byli w pełni świadomi swojej sytuacji pracowej oraz strategii obrony.&nbsp;</li>
</ul>



<ul class="wp-block-list">
<li><strong>Międzynarodowe doświadczenie</strong>: Dwukrotne uczestnictwo w programie Erasmus nie tylko poszerzyło moje horyzonty akademickie, ale także pozwoliło mi na praktyczne zrozumienie różnorodności prawnej w różnych kulturach.&nbsp;</li>
</ul>



<p>….. a dalej co mnie wyróżnia <strong>i uskutecznia moją pracę </strong>jako adwokata w sprawach karnych, związanych z konopiami,:&nbsp;</p>



<ul class="wp-block-list">
<li><strong>Specjalizacja w niszowej dziedzinie</strong>: Moje podyplomowe wykształcenie w zakresie uprawy, przetwórstwa i wykorzystania konopi stawia mnie na czele prawników specjalizujących się w tej dynamicznie rozwijającej się dziedzinie/ obszarze prawa karnego, co ma przełożenie&nbsp;&nbsp;</li>
</ul>



<ul class="wp-block-list">
<li><strong>Współpraca z ekspertami</strong>: Regularna współpraca z innymi specjalistami pozwala mi na wymianę wiedzy i doświadczeń, co nie tylko wzbogaca moją praktykę, ale także przyczynia się do rozwoju całej branży a nadto uskutecznia obranę w sprawach karnych.&nbsp;</li>
</ul>



<ul class="wp-block-list">
<li><strong>Pasja do konopi</strong>: Zdobyte wykształcenie podyplowe, udział w organizacji „marszu Wyzwolenia Konopi” współpraca z organizacjami NGO oraz prelekcje&nbsp; na targach Kanaba Fest oraz Weedfest, stanowią o ciągłym rozwoju zawodowym oraz dzieleniu się z innymi zdobytą wiedzą i doświadczeniem nie tylko dzielę się wiedzą, ale także uczę się od innych, co pozwala mi na ciągły rozwój zawodowy.&nbsp;</li>
</ul>



<ul class="wp-block-list">
<li><strong>Zaangażowanie w rozwój prawa / świadomości na temat konopi / racjonalnej polityki arkotykowej</strong>: Moje zaangażowanie w prawo karne związane z roślinami pokazuje moją gotowość do podejmowania wyzwań i przyczyniania się do kształtowania przyszłości prawnej tej branży / sytuacji karnoprawnej użytkowników konopi.&nbsp;</li>
</ul>



<hr class="wp-block-separator has-alpha-channel-opacity"/>



<p>Moja edukacyjna podróż do bycia adwokatem rozpoczęła się od studiów prawniczych na Uniwersytecie Rzeszowskim, gdzie nie tylko zdobyłam solidne podstawy prawniczej wiedzy, ale miałam również okazję dwukrotnie uczestniczyć w programie Erasmus. Studiując przez dwa semestry na&nbsp; Pavol Józef Safarik w Koszycach oraz odbywając 6 miesięczną praktykę w Brytyjskiej kancelarii Claim Time Solicitors&nbsp; co znacząco poszerzyło moje horyzonty zawodowe.&nbsp;</p>



<p>W latach 2018 – 2020 odbywałam 3 letnią aplikacje adwokacką przy Okręgowej Radzie Adwokackiej w Rzeszowie, podczas której doświadczenie zawodowe zdobywałam w renomowanej kancelarii „Markowicz i Wilusz adwokaci i radcowie prawni sp. p.” – z/s w Sanoku.&nbsp;&nbsp;</p>



<p>Po ukończeniu studiów, oraz aplikacji adwokackiej moja pasja do roślin, w szczególności do konopi, skierowała mnie na studia podyplomowe na kierunku&nbsp; “Uprawa, przetwórstwo i wykorzystanie konopi”, które ukończyłam z wynikiem bardzo dobrym. Ta specjalizacja pozwoliła mi zgłębić wiedzę o tej unikalnej i wszechstronnej roślinie, a także o jej złożonych aspektach prawnych.&nbsp;</p>



<p>Jako prelegentka, miałam przyjemność dzielić się zdobytą wiedzą i doświadczeniem na tak prestiżowych wydarzeniach jak Kanaba Fest oraz Weedfest, gdzie ponadto mogłam spotkać się i wymieniać poglądy z ekspertami różnych specjalizacji mających zastosowanie do konopi.&nbsp;</p>

<p>Jako adwokatka, rozumiem, że każdy przypadek jest unikalny i wymaga indywidualnego podejścia. Moje doświadczenie w pracy z klientami oraz moja specjalistyczna wiedza tak prawnicza, jak i ta dotycząca konopi&nbsp; pozwalają mi na holistyczne spojrzenie na każdą sprawę. Zawsze staram się zrozumieć nie tylko aspekty prawne, ale także osobiste lub/i biznesowe konteksty, które wpływają na sytuację [&hellip;]</p>
