{"id":34,"date":"2024-06-28T00:27:27","date_gmt":"2024-06-27T22:27:27","guid":{"rendered":"https:\/\/liliannawiech.com\/?page_id=34"},"modified":"2024-07-02T20:35:04","modified_gmt":"2024-07-02T18:35:04","slug":"kontakt","status":"publish","type":"page","link":"https:\/\/liliannawiech.com\/?page_id=34","title":{"rendered":"Kontakt"},"content":{"rendered":"\n<p>Adres: 38-500 Sanok ul. Marsza\u0142ka J\u00f3zefa Pi\u0142sudskiego 3\/8<\/p>\n\n\n\n<p>Tel: +48 789 057 749 E-mail: kancelaria@liliannawiech.com<\/p>\n\n\n\n<!--more-->\n\n\n\n<div class=\"wp-block-group alignfull has-text-color has-background\" style=\"color:#000000;background-color:#ffffff\"><div class=\"wp-block-group__inner-container is-layout-flow wp-block-group-is-layout-flow\">\n<p class=\"has-text-align-center has-small-font-size\" style=\"line-height:.9\"><strong>Skontaktuj si\u0119<\/strong><\/p>\n\n\n\n<div class=\"wp-block-buttons is-horizontal is-content-justification-center is-layout-flex wp-container-core-buttons-is-layout-499968f5 wp-block-buttons-is-layout-flex\">\n<div class=\"wp-block-button has-custom-width wp-block-button__width-50\"><a class=\"wp-block-button__link has-text-color has-background wp-element-button\" href=\"https:\/\/forms.office.com\/e\/xHShdvXp8i\" style=\"border-radius:50px;color:#ffffff;background-color:#000000\">skontaktuj si\u0119 z nami<\/a><\/div>\n<\/div>\n\n\n\n<div class=\"wp-block-group\"><div class=\"wp-block-group__inner-container is-layout-constrained wp-block-group-is-layout-constrained\"><\/div><\/div>\n\n\n\n<div style=\"height:64px\" aria-hidden=\"true\" class=\"wp-block-spacer\"><\/div>\n<\/div><\/div>\n","protected":false},"excerpt":{"rendered":"<p>Adres: 38-500 Sanok ul. Marsza\u0142ka J\u00f3zefa Pi\u0142sudskiego 3\/8 Tel: +48 789 057 749 E-mail: kancelaria@liliannawiech.com<\/p>\n","protected":false},"author":1,"featured_media":0,"parent":0,"menu_order":0,"comment_status":"closed","ping_status":"closed","template":"","meta":{"footnotes":""},"class_list":["post-34","page","type-page","status-publish","hentry"],"_links":{"self":[{"href":"https:\/\/liliannawiech.com\/index.php?rest_route=\/wp\/v2\/pages\/34","targetHints":{"allow":["GET"]}}],"collection":[{"href":"https:\/\/liliannawiech.com\/index.php?rest_route=\/wp\/v2\/pages"}],"about":[{"href":"https:\/\/liliannawiech.com\/index.php?rest_route=\/wp\/v2\/types\/page"}],"author":[{"embeddable":true,"href":"https:\/\/liliannawiech.com\/index.php?rest_route=\/wp\/v2\/users\/1"}],"replies":[{"embeddable":true,"href":"https:\/\/liliannawiech.com\/index.php?rest_route=%2Fwp%2Fv2%2Fcomments&post=34"}],"version-history":[{"count":11,"href":"https:\/\/liliannawiech.com\/index.php?rest_route=\/wp\/v2\/pages\/34\/revisions"}],"predecessor-version":[{"id":179,"href":"https:\/\/liliannawiech.com\/index.php?rest_route=\/wp\/v2\/pages\/34\/revisions\/179"}],"wp:attachment":[{"href":"https:\/\/liliannawiech.com\/index.php?rest_route=%2Fwp%2Fv2%2Fmedia&parent=34"}],"curies":[{"name":"wp","href":"https:\/\/api.w.org\/{rel}","templated":true}]}}